 common divisor of 10 and w?
2
Let a(t) = -t**2 + 9 + 0 + 0*t - t**3 - t + 0*t**2. Let h be a(-3). Suppose -n = 8 - h. What is the highest common factor of n and 2?
2
Suppose -5*a + 1150 = 5*p, 2*p + 369 + 311 = 3*a. Calculate the highest common factor of a and 36.
12
Suppose -6 = 2*o - 8. Let u be o/3*(-108)/(-18). Suppose u*y = 3*y - 7. Calculate the greatest common factor of y and 28.
7
Let f(c) = 6*c**2 - 52*c + 112. Let t be f(5). Suppose 25 = 5*g, r + 3*r + 5*g - 113 = 0. Calculate the greatest common divisor of t and r.
2
Suppose 90 + 30 = 4*r. Suppose 3*v = 2*f - 0*f + 8, -3*f = -v - 2. Suppose -f*t - 6 = -4*t. Calculate the greatest common factor of r and t.
3
Let g = -700 - -985. Calculate the highest common factor of g and 38.
19
Let p(b) = 7*b - 128. Let i be p(56). What is the highest common divisor of 616 and i?
88
Suppose -5*c - 3*g + 420 = 0, c = 3*g + 103 - 19. Calculate the highest common divisor of 588 and c.
84
Let c be (-2175)/(-100) - 9/12. What is the highest common factor of c and 420?
21
Let u be (-85)/1*48/(-80). Let w = -30 + u. Let b = -16 + w. What is the highest common divisor of 25 and b?
5
Let a be (-6)/(27/12 - 3). Let l = a + -6. Suppose 2*t - 24 = l. Calculate the greatest common factor of t and 117.
13
Let m = 209 + -193. What is the highest common factor of m and 272?
16
Suppose -p - 30 = -4*p. Suppose 8*d + 360 = p*d. Suppose -5*f = -0*f - d. What is the greatest common factor of f and 4?
4
Suppose 0 = 5*l - 7 + 2. Let p be 36/(-6)*6/(-4). What is the greatest common divisor of p and l?
1
Let g = 78 + -14. Let k(m) = -2*m**3 + 7*m**2 + 4*m + 8. Let a be k(6). Let n = -116 - a. Calculate the highest common factor of g and n.
32
Suppose 3*g - 22*g = -6156. Calculate the highest common factor of 48 and g.
12
Let s = 10 + 0. Let r = -14 + s. Let x be 2 + r/1 + 4. What is the highest common divisor of x and 5?
1
Let b = -105 - -145. What is the greatest common factor of 100 and b?
20
Let r be 63/(-6)*1394/(-51). What is the greatest common divisor of 82 and r?
41
Suppose 4*s + 4 = 0, 10*b + 5*s - 1885 = 5*b. What is the highest common factor of 42 and b?
42
Let y(s) = 14*s - 347. Let z be y(25). Suppose -37 + 1 = -4*t. Calculate the highest common factor of t and z.
3
Suppose 0 = 5*i - 4*c - 101, -i - c = i - 43. Calculate the greatest common divisor of 1491 and i.
21
Let f = -478 + 491. What is the greatest common factor of 143 and f?
13
Suppose 3*v = 4*g - 188, 0 = 2*g - 7*g + 2*v + 235. Let w be g/(-2) - (-27)/(-18). Let i = w + 38. Calculate the greatest common divisor of i and 39.
13
Let a be (14/8 + -1)*28. Let q = -224 + 278. Let g be -3*a/(-27)*q. Calculate the greatest common divisor of 14 and g.
14
Let p(s) = s**3 + 5*s**2 + 5*s - 8. Let a be p(4). Calculate the highest common divisor of a and 12.
12
Suppose 2*b - 1431 = -5*f - 561, 4*f = -5*b + 696. Calculate the highest common factor of 232 and f.
58
Suppose 136 = -3*u + 151. Suppose 3*z - u*t = 149 + 137, 5*t = 2*z - 194. Calculate the greatest common divisor of 69 and z.
23
Let i = 28 + -26. Let x be (-3)/i*(-912)/36. What is the greatest common factor of 38 and x?
38
Let h = -47 + 36. Let r(n) = 2*n**2 + 16*n - 2. Let l be r(h). Calculate the greatest common divisor of 160 and l.
32
Let o be (36/30)/(6/15). Suppose o*r = -2*r + 275. What is the greatest common factor of 11 and r?
11
Suppose 3*u - 4 = -1. Let z be 1/5 + (-24)/(-5). Let f = z + -2. What is the highest common divisor of f and u?
1
Let k(w) = -44*w + 485. Let t be k(10). Calculate the highest common factor of 375 and t.
15
Suppose -37 = -6*f + 23. Suppose 112 = 2*p + 4*g, -2*p - g + 53 = -p. Calculate the greatest common divisor of p and f.
10
Let x = 197 - -40. Let r = x - 125. Calculate the greatest common factor of 14 and r.
14
Let h be 11/8 + -36 + 3420/96. Let a be 32/6 - (-1)/(-3). Calculate the greatest common divisor of a and h.
1
Suppose -a + 2 = -2. Let c = 37 - 103. Let u = c + 94. What is the greatest common factor of u and a?
4
Suppose -5*j = -3*z + 28, 2*z - 2*j = z + 10. Suppose -10 + z = -2*c. Suppose -h - 1 = 1, 26 = r - c*h. Calculate the greatest common factor of 22 and r.
22
Let j(y) = 2*y**2 + y + 1. Let k be j(-2). Let t = -5 + k. Suppose -t*r + 280 = 4*m, 272 = 4*m - 2*r + 6*r. What is the greatest common divisor of 9 and m?
9
Suppose g + 605 = 4*n, -2*n + g = 58 - 359. What is the greatest common factor of n and 19?
19
Let d(q) = 6*q**3 + 2*q**2 - 4*q + 12. Let c be d(2). Suppose -3*g - 3*v = -6*g + 117, 3*g = -2*v + 122. What is the greatest common factor of c and g?
20
Let b = -50 - -56. Let y be 3 - (3 + -23) - 3. Let m be -10*(-25)/y*b. What is the highest common factor of m and 15?
15
Let s(l) = -l. Let u be 6/(-1) + (-8)/(24/(-9)). Let z be s(u). Calculate the greatest common divisor of z and 3.
3
Let v = -29 - -37. Let s = 11 - v. Suppose -s*x - k + 43 = 0, 3*k = -3*x + 38 + 1. Calculate the highest common factor of x and 105.
15
Suppose -3*x - 498 = -3*m, -4*x + 7*m = 10*m + 657. Let s be 1/1 - 0 - x/11. Calculate the greatest common divisor of 80 and s.
16
Suppose 0 = 4*f - 12 + 4. Suppose -3*y - f*y = -20. Suppose 4*i = 16, y*z + 6*i - 4*i - 68 = 0. What is the highest common divisor of z and 45?
15
Let t = 53 - 67. Let v = 22 - t. Let j be (-95)/(-4) - 3/(-12). Calculate the greatest common divisor of v and j.
12
Suppose -1 = 2*s + 5*z + 18, 2*z + 1 = -3*s. Let d be ((-48)/2)/(s + 90/(-24)). What is the highest common factor of 4 and d?
4
Let l(y) = -y**2 + 2*y + 0*y**2 + 11*y + 2. Let a be l(12). What is the greatest common factor of a and 112?
14
Suppose -2*a + 0*d = -d - 338, 4*d - 496 = -3*a. Calculate the greatest common divisor of a and 36.
12
Let t be 4/(-6) - 166/(-6). Suppose 3*h - 7*o = -4*o + 108, 3*h - 4*o - 112 = 0. Suppose 849 - 273 = h*a. What is the greatest common divisor of t and a?
9
Let j = -1011 + 1899. What is the greatest common factor of 12 and j?
12
Let n(c) = c**2 - 28*c + 155. Let r be n(25). What is the greatest common factor of r and 32?
16
Suppose -56 = -2*q - n, -3*q + 0*n + 78 = 3*n. Let o = 16 + -9. Suppose o*a = 4*a + 225. What is the highest common divisor of q and a?
15
Let k = -125 - -134. Suppose 0 = 5*q + o - 360, 0 = k*q - 13*q + o + 288. Calculate the greatest common factor of 36 and q.
36
Suppose 53 = 4*m + 5*u + 6, 4*u = 3*m - 43. Suppose 3*l + c = m, 3*l - l - 27 = 3*c. Let g be (7/(-14))/((-2)/16). What is the highest common factor of l and g?
2
Let z = -71 - -224. Let t = -39 - -56. Calculate the highest common factor of z and t.
17
Suppose 3*x = 8*x - 225. Let o(b) = 2*b**2 + b - 27. Let d be o(0). Let n = d - -45. Calculate the greatest common factor of n and x.
9
Let d be (10/5 - 6) + 412. Calculate the greatest common factor of 51 and d.
51
Let q = 155 - 85. Let k be 20/q*(-7)/(-1). Calculate the highest common divisor of k and 14.
2
Suppose 6167*f = 6178*f - 5643. Calculate the greatest common factor of 57 and f.
57
Let i = 17 - 35. Let k = i + 30. Let h be ((-8)/12)/((-2)/9). Calculate the greatest common divisor of h and k.
3
Let o = 1015 - 987. Calculate the highest common factor of o and 154.
14
Let p(t) be the third derivative of -t**4/4 - 11*t**3/6 + 3*t**2. Let a be p(-6). What is the greatest common divisor of 5 and a?
5
Let k(t) = t**2 + 5*t - 12. Let n be k(5). Let z be n/4 - (-3)/(-2). Calculate the highest common factor of z and 40.
8
Let s be (-8)/(-3)*360/32. Calculate the greatest common divisor of 4 and s.
2
Let r(i) = 3*i**2 + 6*i + 6. Let z be r(-3). Suppose 5 + z = 4*h. Suppose 0 = -h*y + 8 + 27. Calculate the highest common divisor of 77 and y.
7
Let f(i) = -8*i - 4. Let y be f(-4). Let a be 3*10*10/75 + 17. Calculate the greatest common factor of a and y.
7
Suppose -377 = -4*g + 3*w + 292, 2*g + 4*w = 318. Calculate the highest common divisor of g and 55.
55
Suppose 124 = -4*b - 4*d + 48, -b = -2*d + 28. Let x = b - -29. What is the highest common factor of x and 63?
7
Suppose q = -0*q + 18. Let a = 397 - 393. Let x be a/q + (-880)/(-90). Calculate the highest common divisor of x and 40.
10
Let i be (24/16)/(-1 + (-3)/(-2)). Let k be (-4)/i + 1/3 - -3. Calculate the greatest common factor of 2 and k.
2
Let g(u) = -u**2 - 15*u - 11. Let w be g(-5). Calculate the greatest com